{"id":2937,"date":"2022-07-08T10:31:34","date_gmt":"2022-07-08T08:31:34","guid":{"rendered":"https:\/\/www.plaintec.com\/?post_type=portfolio&#038;p=2937"},"modified":"2024-05-07T09:50:58","modified_gmt":"2024-05-07T07:50:58","slug":"appia-vigo","status":"publish","type":"portfolio","link":"https:\/\/www.plaintec.com\/pt-pt\/portfolio\/appia-vigo\/","title":{"rendered":"APPIA VIGO"},"content":{"rendered":"","protected":false},"excerpt":{"rendered":"","protected":false},"author":1,"featured_media":6807,"parent":0,"menu_order":0,"comment_status":"open","ping_status":"open","template":"","meta":{"footnotes":""},"tipos_de_obra":[59],"portfolio_category":[42],"class_list":["post-2937","portfolio","type-portfolio","status-publish","has-post-thumbnail","hentry","tipos_de_obra-obras-finalizadas-pt-pt","portfolio_category-residencial-pt-pt"],"yoast_head":"<!-- This site is optimized with the Yoast SEO plugin v26.8 - https:\/\/yoast.com\/product\/yoast-seo-wordpress\/ -->\n<title>APPIA VIGO - Plaintec<\/title>\n<meta name=\"description\" content=\"Appia, projecto de reabilita\u00e7\u00e3o e constru\u00e7\u00e3o nova de um edif\u00edcio situado no centro de Vigo. O pr\u00e9dio ter\u00e1 15 casas e garagens.\" \/>\n<meta name=\"robots\" content=\"index, follow, max-snippet:-1, max-image-preview:large, max-video-preview:-1\" \/>\n<link rel=\"canonical\" href=\"https:\/\/www.plaintec.com\/pt-pt\/portfolio\/appia-vigo\/\" \/>\n<meta property=\"og:locale\" content=\"pt_PT\" \/>\n<meta property=\"og:type\" content=\"article\" \/>\n<meta property=\"og:title\" content=\"APPIA VIGO - Plaintec\" \/>\n<meta property=\"og:description\" content=\"Appia, projecto de reabilita\u00e7\u00e3o e constru\u00e7\u00e3o nova de um edif\u00edcio situado no centro de Vigo. O pr\u00e9dio ter\u00e1 15 casas e garagens.\" \/>\n<meta property=\"og:url\" content=\"https:\/\/www.plaintec.com\/pt-pt\/portfolio\/appia-vigo\/\" \/>\n<meta property=\"og:site_name\" content=\"Plaintec\" \/>\n<meta property=\"article:modified_time\" content=\"2024-05-07T07:50:58+00:00\" \/>\n<meta property=\"og:image\" content=\"https:\/\/www.plaintec.com\/wp-content\/uploads\/2022\/05\/Appia_Plaintec_074.png\" \/>\n\t<meta property=\"og:image:width\" content=\"439\" \/>\n\t<meta property=\"og:image:height\" content=\"719\" \/>\n\t<meta property=\"og:image:type\" content=\"image\/png\" \/>\n<meta name=\"twitter:card\" content=\"summary_large_image\" \/>\n<script type=\"application\/ld+json\" class=\"yoast-schema-graph\">{\"@context\":\"https:\/\/schema.org\",\"@graph\":[{\"@type\":\"WebPage\",\"@id\":\"https:\/\/www.plaintec.com\/pt-pt\/portfolio\/appia-vigo\/\",\"url\":\"https:\/\/www.plaintec.com\/pt-pt\/portfolio\/appia-vigo\/\",\"name\":\"APPIA VIGO - Plaintec\",\"isPartOf\":{\"@id\":\"https:\/\/www.plaintec.com\/pt-pt\/#website\"},\"primaryImageOfPage\":{\"@id\":\"https:\/\/www.plaintec.com\/pt-pt\/portfolio\/appia-vigo\/#primaryimage\"},\"image\":{\"@id\":\"https:\/\/www.plaintec.com\/pt-pt\/portfolio\/appia-vigo\/#primaryimage\"},\"thumbnailUrl\":\"https:\/\/www.plaintec.com\/wp-content\/uploads\/2022\/05\/Appia_Plaintec_074.png\",\"datePublished\":\"2022-07-08T08:31:34+00:00\",\"dateModified\":\"2024-05-07T07:50:58+00:00\",\"description\":\"Appia, projecto de reabilita\u00e7\u00e3o e constru\u00e7\u00e3o nova de um edif\u00edcio situado no centro de Vigo. O pr\u00e9dio ter\u00e1 15 casas e garagens.\",\"breadcrumb\":{\"@id\":\"https:\/\/www.plaintec.com\/pt-pt\/portfolio\/appia-vigo\/#breadcrumb\"},\"inLanguage\":\"pt-PT\",\"potentialAction\":[{\"@type\":\"ReadAction\",\"target\":[\"https:\/\/www.plaintec.com\/pt-pt\/portfolio\/appia-vigo\/\"]}]},{\"@type\":\"ImageObject\",\"inLanguage\":\"pt-PT\",\"@id\":\"https:\/\/www.plaintec.com\/pt-pt\/portfolio\/appia-vigo\/#primaryimage\",\"url\":\"https:\/\/www.plaintec.com\/wp-content\/uploads\/2022\/05\/Appia_Plaintec_074.png\",\"contentUrl\":\"https:\/\/www.plaintec.com\/wp-content\/uploads\/2022\/05\/Appia_Plaintec_074.png\",\"width\":439,\"height\":719},{\"@type\":\"BreadcrumbList\",\"@id\":\"https:\/\/www.plaintec.com\/pt-pt\/portfolio\/appia-vigo\/#breadcrumb\",\"itemListElement\":[{\"@type\":\"ListItem\",\"position\":1,\"name\":\"Portfolio\",\"item\":\"https:\/\/www.plaintec.com\/pt-pt\/portfolio\/\"},{\"@type\":\"ListItem\",\"position\":2,\"name\":\"APPIA VIGO\"}]},{\"@type\":\"WebSite\",\"@id\":\"https:\/\/www.plaintec.com\/pt-pt\/#website\",\"url\":\"https:\/\/www.plaintec.com\/pt-pt\/\",\"name\":\"Plaintec\",\"description\":\"Construimos tu proyecto\",\"potentialAction\":[{\"@type\":\"SearchAction\",\"target\":{\"@type\":\"EntryPoint\",\"urlTemplate\":\"https:\/\/www.plaintec.com\/pt-pt\/?s={search_term_string}\"},\"query-input\":{\"@type\":\"PropertyValueSpecification\",\"valueRequired\":true,\"valueName\":\"search_term_string\"}}],\"inLanguage\":\"pt-PT\"}]}<\/script>\n<!-- \/ Yoast SEO plugin. -->","yoast_head_json":{"title":"APPIA VIGO - Plaintec","description":"Appia, projecto de reabilita\u00e7\u00e3o e constru\u00e7\u00e3o nova de um edif\u00edcio situado no centro de Vigo. O pr\u00e9dio ter\u00e1 15 casas e garagens.","robots":{"index":"index","follow":"follow","max-snippet":"max-snippet:-1","max-image-preview":"max-image-preview:large","max-video-preview":"max-video-preview:-1"},"canonical":"https:\/\/www.plaintec.com\/pt-pt\/portfolio\/appia-vigo\/","og_locale":"pt_PT","og_type":"article","og_title":"APPIA VIGO - Plaintec","og_description":"Appia, projecto de reabilita\u00e7\u00e3o e constru\u00e7\u00e3o nova de um edif\u00edcio situado no centro de Vigo. O pr\u00e9dio ter\u00e1 15 casas e garagens.","og_url":"https:\/\/www.plaintec.com\/pt-pt\/portfolio\/appia-vigo\/","og_site_name":"Plaintec","article_modified_time":"2024-05-07T07:50:58+00:00","og_image":[{"width":439,"height":719,"url":"https:\/\/www.plaintec.com\/wp-content\/uploads\/2022\/05\/Appia_Plaintec_074.png","type":"image\/png"}],"twitter_card":"summary_large_image","schema":{"@context":"https:\/\/schema.org","@graph":[{"@type":"WebPage","@id":"https:\/\/www.plaintec.com\/pt-pt\/portfolio\/appia-vigo\/","url":"https:\/\/www.plaintec.com\/pt-pt\/portfolio\/appia-vigo\/","name":"APPIA VIGO - Plaintec","isPartOf":{"@id":"https:\/\/www.plaintec.com\/pt-pt\/#website"},"primaryImageOfPage":{"@id":"https:\/\/www.plaintec.com\/pt-pt\/portfolio\/appia-vigo\/#primaryimage"},"image":{"@id":"https:\/\/www.plaintec.com\/pt-pt\/portfolio\/appia-vigo\/#primaryimage"},"thumbnailUrl":"https:\/\/www.plaintec.com\/wp-content\/uploads\/2022\/05\/Appia_Plaintec_074.png","datePublished":"2022-07-08T08:31:34+00:00","dateModified":"2024-05-07T07:50:58+00:00","description":"Appia, projecto de reabilita\u00e7\u00e3o e constru\u00e7\u00e3o nova de um edif\u00edcio situado no centro de Vigo. O pr\u00e9dio ter\u00e1 15 casas e garagens.","breadcrumb":{"@id":"https:\/\/www.plaintec.com\/pt-pt\/portfolio\/appia-vigo\/#breadcrumb"},"inLanguage":"pt-PT","potentialAction":[{"@type":"ReadAction","target":["https:\/\/www.plaintec.com\/pt-pt\/portfolio\/appia-vigo\/"]}]},{"@type":"ImageObject","inLanguage":"pt-PT","@id":"https:\/\/www.plaintec.com\/pt-pt\/portfolio\/appia-vigo\/#primaryimage","url":"https:\/\/www.plaintec.com\/wp-content\/uploads\/2022\/05\/Appia_Plaintec_074.png","contentUrl":"https:\/\/www.plaintec.com\/wp-content\/uploads\/2022\/05\/Appia_Plaintec_074.png","width":439,"height":719},{"@type":"BreadcrumbList","@id":"https:\/\/www.plaintec.com\/pt-pt\/portfolio\/appia-vigo\/#breadcrumb","itemListElement":[{"@type":"ListItem","position":1,"name":"Portfolio","item":"https:\/\/www.plaintec.com\/pt-pt\/portfolio\/"},{"@type":"ListItem","position":2,"name":"APPIA VIGO"}]},{"@type":"WebSite","@id":"https:\/\/www.plaintec.com\/pt-pt\/#website","url":"https:\/\/www.plaintec.com\/pt-pt\/","name":"Plaintec","description":"Construimos tu proyecto","potentialAction":[{"@type":"SearchAction","target":{"@type":"EntryPoint","urlTemplate":"https:\/\/www.plaintec.com\/pt-pt\/?s={search_term_string}"},"query-input":{"@type":"PropertyValueSpecification","valueRequired":true,"valueName":"search_term_string"}}],"inLanguage":"pt-PT"}]}},"_links":{"self":[{"href":"https:\/\/www.plaintec.com\/pt-pt\/wp-json\/wp\/v2\/portfolio\/2937","targetHints":{"allow":["GET"]}}],"collection":[{"href":"https:\/\/www.plaintec.com\/pt-pt\/wp-json\/wp\/v2\/portfolio"}],"about":[{"href":"https:\/\/www.plaintec.com\/pt-pt\/wp-json\/wp\/v2\/types\/portfolio"}],"author":[{"embeddable":true,"href":"https:\/\/www.plaintec.com\/pt-pt\/wp-json\/wp\/v2\/users\/1"}],"replies":[{"embeddable":true,"href":"https:\/\/www.plaintec.com\/pt-pt\/wp-json\/wp\/v2\/comments?post=2937"}],"version-history":[{"count":7,"href":"https:\/\/www.plaintec.com\/pt-pt\/wp-json\/wp\/v2\/portfolio\/2937\/revisions"}],"predecessor-version":[{"id":5870,"href":"https:\/\/www.plaintec.com\/pt-pt\/wp-json\/wp\/v2\/portfolio\/2937\/revisions\/5870"}],"wp:featuredmedia":[{"embeddable":true,"href":"https:\/\/www.plaintec.com\/pt-pt\/wp-json\/wp\/v2\/media\/6807"}],"wp:attachment":[{"href":"https:\/\/www.plaintec.com\/pt-pt\/wp-json\/wp\/v2\/media?parent=2937"}],"wp:term":[{"taxonomy":"tipos_de_obra","embeddable":true,"href":"https:\/\/www.plaintec.com\/pt-pt\/wp-json\/wp\/v2\/tipos_de_obra?post=2937"},{"taxonomy":"portfolio_category","embeddable":true,"href":"https:\/\/www.plaintec.com\/pt-pt\/wp-json\/wp\/v2\/portfolio_category?post=2937"}],"curies":[{"name":"wp","href":"https:\/\/api.w.org\/{rel}","templated":true}]}}

<!-- This site is optimized with the Yoast SEO plugin v26.8 - https://yoast.com/product/yoast-seo-wordpress/ -->
<title>APPIA VIGO - Plaintec</title>
<meta name="description" content="Appia, projecto de reabilitação e construção nova de um edifício situado no centro de Vigo. O prédio terá 15 casas e garagens." />
<meta name="robots" content="index, follow, max-snippet:-1, max-image-preview:large, max-video-preview:-1" />
<link rel="canonical" href="https://www.plaintec.com/pt-pt/portfolio/appia-vigo/" />
<meta property="og:locale" content="pt_PT" />
<meta property="og:type" content="article" />
<meta property="og:title" content="APPIA VIGO - Plaintec" />
<meta property="og:description" content="Appia, projecto de reabilitação e construção nova de um edifício situado no centro de Vigo. O prédio terá 15 casas e garagens." />
<meta property="og:url" content="https://www.plaintec.com/pt-pt/portfolio/appia-vigo/" />
<meta property="og:site_name" content="Plaintec" />
<meta property="article:modified_time" content="2024-05-07T07:50:58+00:00" />
<meta property="og:image" content="https://www.plaintec.com/wp-content/uploads/2022/05/Appia_Plaintec_074.png" />
	<meta property="og:image:width" content="439" />
	<meta property="og:image:height" content="719" />
	<meta property="og:image:type" content="image/png" />
<meta name="twitter:card" content="summary_large_image" />
<script type="application/ld+json" class="yoast-schema-graph">{"@context":"https://schema.org","@graph":[{"@type":"WebPage","@id":"https://www.plaintec.com/pt-pt/portfolio/appia-vigo/","url":"https://www.plaintec.com/pt-pt/portfolio/appia-vigo/","name":"APPIA VIGO - Plaintec","isPartOf":{"@id":"https://www.plaintec.com/pt-pt/#website"},"primaryImageOfPage":{"@id":"https://www.plaintec.com/pt-pt/portfolio/appia-vigo/#primaryimage"},"image":{"@id":"https://www.plaintec.com/pt-pt/portfolio/appia-vigo/#primaryimage"},"thumbnailUrl":"https://www.plaintec.com/wp-content/uploads/2022/05/Appia_Plaintec_074.png","datePublished":"2022-07-08T08:31:34+00:00","dateModified":"2024-05-07T07:50:58+00:00","description":"Appia, projecto de reabilitação e construção nova de um edifício situado no centro de Vigo. O prédio terá 15 casas e garagens.","breadcrumb":{"@id":"https://www.plaintec.com/pt-pt/portfolio/appia-vigo/#breadcrumb"},"inLanguage":"pt-PT","potentialAction":[{"@type":"ReadAction","target":["https://www.plaintec.com/pt-pt/portfolio/appia-vigo/"]}]},{"@type":"ImageObject","inLanguage":"pt-PT","@id":"https://www.plaintec.com/pt-pt/portfolio/appia-vigo/#primaryimage","url":"https://www.plaintec.com/wp-content/uploads/2022/05/Appia_Plaintec_074.png","contentUrl":"https://www.plaintec.com/wp-content/uploads/2022/05/Appia_Plaintec_074.png","width":439,"height":719},{"@type":"BreadcrumbList","@id":"https://www.plaintec.com/pt-pt/portfolio/appia-vigo/#breadcrumb","itemListElement":[{"@type":"ListItem","position":1,"name":"Portfolio","item":"https://www.plaintec.com/pt-pt/portfolio/"},{"@type":"ListItem","position":2,"name":"APPIA VIGO"}]},{"@type":"WebSite","@id":"https://www.plaintec.com/pt-pt/#website","url":"https://www.plaintec.com/pt-pt/","name":"Plaintec","description":"Construimos tu proyecto","potentialAction":[{"@type":"SearchAction","target":{"@type":"EntryPoint","urlTemplate":"https://www.plaintec.com/pt-pt/?s={search_term_string}"},"query-input":{"@type":"PropertyValueSpecification","valueRequired":true,"valueName":"search_term_string"}}],"inLanguage":"pt-PT"}]}</script>
<!-- / Yoast SEO plugin. -->

Appia, projecto de reabilitação e construção nova de um edifício situado no centro de Vigo. O prédio terá 15 casas e garagens.
