{"id":11269,"date":"2025-02-07T08:10:00","date_gmt":"2025-02-07T07:10:00","guid":{"rendered":"https:\/\/www.plaintec.com\/?post_type=portfolio&#038;p=11269"},"modified":"2025-02-07T08:10:00","modified_gmt":"2025-02-07T07:10:00","slug":"a-tenda-do-colmado","status":"publish","type":"portfolio","link":"https:\/\/www.plaintec.com\/pt-pt\/portfolio\/a-tenda-do-colmado\/","title":{"rendered":"A Tenda do Colmado"},"content":{"rendered":"","protected":false},"excerpt":{"rendered":"","protected":false},"author":3,"featured_media":11264,"parent":0,"menu_order":0,"comment_status":"open","ping_status":"open","template":"","meta":{"footnotes":""},"tipos_de_obra":[59],"portfolio_category":[43],"class_list":["post-11269","portfolio","type-portfolio","status-publish","has-post-thumbnail","hentry","tipos_de_obra-obras-finalizadas-pt-pt","portfolio_category-retail-pt-pt"],"yoast_head":"<!-- This site is optimized with the Yoast SEO plugin v26.8 - https:\/\/yoast.com\/product\/yoast-seo-wordpress\/ -->\n<title>A Tenda do Colmado - Plaintec<\/title>\n<meta name=\"description\" content=\"A Tenda Do Colmado no Aeroporto de Santiago-Rosal\u00eda de Castro, um novo ponto de venda inspirado nas tradicionais mercearias. Localizada estrategicamente na \u00e1rea p\u00fablica do terminal, esta loja oferece uma sele\u00e7\u00e3o de produtos gourmet locais e um bar de degusta\u00e7\u00e3o. Aberta diariamente das 5:00 \u00e0s 22:00, combina tradi\u00e7\u00e3o, qualidade e excel\u00eancia para os viajante.\" \/>\n<meta name=\"robots\" content=\"index, follow, max-snippet:-1, max-image-preview:large, max-video-preview:-1\" \/>\n<link rel=\"canonical\" href=\"https:\/\/www.plaintec.com\/pt-pt\/portfolio\/a-tenda-do-colmado\/\" \/>\n<meta property=\"og:locale\" content=\"pt_PT\" \/>\n<meta property=\"og:type\" content=\"article\" \/>\n<meta property=\"og:title\" content=\"A Tenda do Colmado - Plaintec\" \/>\n<meta property=\"og:description\" content=\"A Tenda Do Colmado no Aeroporto de Santiago-Rosal\u00eda de Castro, um novo ponto de venda inspirado nas tradicionais mercearias. Localizada estrategicamente na \u00e1rea p\u00fablica do terminal, esta loja oferece uma sele\u00e7\u00e3o de produtos gourmet locais e um bar de degusta\u00e7\u00e3o. Aberta diariamente das 5:00 \u00e0s 22:00, combina tradi\u00e7\u00e3o, qualidade e excel\u00eancia para os viajante.\" \/>\n<meta property=\"og:url\" content=\"https:\/\/www.plaintec.com\/pt-pt\/portfolio\/a-tenda-do-colmado\/\" \/>\n<meta property=\"og:site_name\" content=\"Plaintec\" \/>\n<meta property=\"og:image\" content=\"https:\/\/www.plaintec.com\/wp-content\/uploads\/2025\/02\/TendaColmado_Plaintec19-scaled.jpg\" \/>\n\t<meta property=\"og:image:width\" content=\"2560\" \/>\n\t<meta property=\"og:image:height\" content=\"1707\" \/>\n\t<meta property=\"og:image:type\" content=\"image\/jpeg\" \/>\n<meta name=\"twitter:card\" content=\"summary_large_image\" \/>\n<script type=\"application\/ld+json\" class=\"yoast-schema-graph\">{\"@context\":\"https:\/\/schema.org\",\"@graph\":[{\"@type\":\"WebPage\",\"@id\":\"https:\/\/www.plaintec.com\/pt-pt\/portfolio\/a-tenda-do-colmado\/\",\"url\":\"https:\/\/www.plaintec.com\/pt-pt\/portfolio\/a-tenda-do-colmado\/\",\"name\":\"A Tenda do Colmado - Plaintec\",\"isPartOf\":{\"@id\":\"https:\/\/www.plaintec.com\/pt-pt\/#website\"},\"primaryImageOfPage\":{\"@id\":\"https:\/\/www.plaintec.com\/pt-pt\/portfolio\/a-tenda-do-colmado\/#primaryimage\"},\"image\":{\"@id\":\"https:\/\/www.plaintec.com\/pt-pt\/portfolio\/a-tenda-do-colmado\/#primaryimage\"},\"thumbnailUrl\":\"https:\/\/www.plaintec.com\/wp-content\/uploads\/2025\/02\/TendaColmado_Plaintec19-scaled.jpg\",\"datePublished\":\"2025-02-07T07:10:00+00:00\",\"description\":\"A Tenda Do Colmado no Aeroporto de Santiago-Rosal\u00eda de Castro, um novo ponto de venda inspirado nas tradicionais mercearias. Localizada estrategicamente na \u00e1rea p\u00fablica do terminal, esta loja oferece uma sele\u00e7\u00e3o de produtos gourmet locais e um bar de degusta\u00e7\u00e3o. Aberta diariamente das 5:00 \u00e0s 22:00, combina tradi\u00e7\u00e3o, qualidade e excel\u00eancia para os viajante.\",\"breadcrumb\":{\"@id\":\"https:\/\/www.plaintec.com\/pt-pt\/portfolio\/a-tenda-do-colmado\/#breadcrumb\"},\"inLanguage\":\"pt-PT\",\"potentialAction\":[{\"@type\":\"ReadAction\",\"target\":[\"https:\/\/www.plaintec.com\/pt-pt\/portfolio\/a-tenda-do-colmado\/\"]}]},{\"@type\":\"ImageObject\",\"inLanguage\":\"pt-PT\",\"@id\":\"https:\/\/www.plaintec.com\/pt-pt\/portfolio\/a-tenda-do-colmado\/#primaryimage\",\"url\":\"https:\/\/www.plaintec.com\/wp-content\/uploads\/2025\/02\/TendaColmado_Plaintec19-scaled.jpg\",\"contentUrl\":\"https:\/\/www.plaintec.com\/wp-content\/uploads\/2025\/02\/TendaColmado_Plaintec19-scaled.jpg\",\"width\":2560,\"height\":1707},{\"@type\":\"BreadcrumbList\",\"@id\":\"https:\/\/www.plaintec.com\/pt-pt\/portfolio\/a-tenda-do-colmado\/#breadcrumb\",\"itemListElement\":[{\"@type\":\"ListItem\",\"position\":1,\"name\":\"Portfolio\",\"item\":\"https:\/\/www.plaintec.com\/pt-pt\/portfolio\/\"},{\"@type\":\"ListItem\",\"position\":2,\"name\":\"A Tenda do Colmado\"}]},{\"@type\":\"WebSite\",\"@id\":\"https:\/\/www.plaintec.com\/pt-pt\/#website\",\"url\":\"https:\/\/www.plaintec.com\/pt-pt\/\",\"name\":\"Plaintec\",\"description\":\"Construimos tu proyecto\",\"potentialAction\":[{\"@type\":\"SearchAction\",\"target\":{\"@type\":\"EntryPoint\",\"urlTemplate\":\"https:\/\/www.plaintec.com\/pt-pt\/?s={search_term_string}\"},\"query-input\":{\"@type\":\"PropertyValueSpecification\",\"valueRequired\":true,\"valueName\":\"search_term_string\"}}],\"inLanguage\":\"pt-PT\"}]}<\/script>\n<!-- \/ Yoast SEO plugin. -->","yoast_head_json":{"title":"A Tenda do Colmado - Plaintec","description":"A Tenda Do Colmado no Aeroporto de Santiago-Rosal\u00eda de Castro, um novo ponto de venda inspirado nas tradicionais mercearias. Localizada estrategicamente na \u00e1rea p\u00fablica do terminal, esta loja oferece uma sele\u00e7\u00e3o de produtos gourmet locais e um bar de degusta\u00e7\u00e3o. Aberta diariamente das 5:00 \u00e0s 22:00, combina tradi\u00e7\u00e3o, qualidade e excel\u00eancia para os viajante.","robots":{"index":"index","follow":"follow","max-snippet":"max-snippet:-1","max-image-preview":"max-image-preview:large","max-video-preview":"max-video-preview:-1"},"canonical":"https:\/\/www.plaintec.com\/pt-pt\/portfolio\/a-tenda-do-colmado\/","og_locale":"pt_PT","og_type":"article","og_title":"A Tenda do Colmado - Plaintec","og_description":"A Tenda Do Colmado no Aeroporto de Santiago-Rosal\u00eda de Castro, um novo ponto de venda inspirado nas tradicionais mercearias. Localizada estrategicamente na \u00e1rea p\u00fablica do terminal, esta loja oferece uma sele\u00e7\u00e3o de produtos gourmet locais e um bar de degusta\u00e7\u00e3o. Aberta diariamente das 5:00 \u00e0s 22:00, combina tradi\u00e7\u00e3o, qualidade e excel\u00eancia para os viajante.","og_url":"https:\/\/www.plaintec.com\/pt-pt\/portfolio\/a-tenda-do-colmado\/","og_site_name":"Plaintec","og_image":[{"width":2560,"height":1707,"url":"https:\/\/www.plaintec.com\/wp-content\/uploads\/2025\/02\/TendaColmado_Plaintec19-scaled.jpg","type":"image\/jpeg"}],"twitter_card":"summary_large_image","schema":{"@context":"https:\/\/schema.org","@graph":[{"@type":"WebPage","@id":"https:\/\/www.plaintec.com\/pt-pt\/portfolio\/a-tenda-do-colmado\/","url":"https:\/\/www.plaintec.com\/pt-pt\/portfolio\/a-tenda-do-colmado\/","name":"A Tenda do Colmado - Plaintec","isPartOf":{"@id":"https:\/\/www.plaintec.com\/pt-pt\/#website"},"primaryImageOfPage":{"@id":"https:\/\/www.plaintec.com\/pt-pt\/portfolio\/a-tenda-do-colmado\/#primaryimage"},"image":{"@id":"https:\/\/www.plaintec.com\/pt-pt\/portfolio\/a-tenda-do-colmado\/#primaryimage"},"thumbnailUrl":"https:\/\/www.plaintec.com\/wp-content\/uploads\/2025\/02\/TendaColmado_Plaintec19-scaled.jpg","datePublished":"2025-02-07T07:10:00+00:00","description":"A Tenda Do Colmado no Aeroporto de Santiago-Rosal\u00eda de Castro, um novo ponto de venda inspirado nas tradicionais mercearias. Localizada estrategicamente na \u00e1rea p\u00fablica do terminal, esta loja oferece uma sele\u00e7\u00e3o de produtos gourmet locais e um bar de degusta\u00e7\u00e3o. Aberta diariamente das 5:00 \u00e0s 22:00, combina tradi\u00e7\u00e3o, qualidade e excel\u00eancia para os viajante.","breadcrumb":{"@id":"https:\/\/www.plaintec.com\/pt-pt\/portfolio\/a-tenda-do-colmado\/#breadcrumb"},"inLanguage":"pt-PT","potentialAction":[{"@type":"ReadAction","target":["https:\/\/www.plaintec.com\/pt-pt\/portfolio\/a-tenda-do-colmado\/"]}]},{"@type":"ImageObject","inLanguage":"pt-PT","@id":"https:\/\/www.plaintec.com\/pt-pt\/portfolio\/a-tenda-do-colmado\/#primaryimage","url":"https:\/\/www.plaintec.com\/wp-content\/uploads\/2025\/02\/TendaColmado_Plaintec19-scaled.jpg","contentUrl":"https:\/\/www.plaintec.com\/wp-content\/uploads\/2025\/02\/TendaColmado_Plaintec19-scaled.jpg","width":2560,"height":1707},{"@type":"BreadcrumbList","@id":"https:\/\/www.plaintec.com\/pt-pt\/portfolio\/a-tenda-do-colmado\/#breadcrumb","itemListElement":[{"@type":"ListItem","position":1,"name":"Portfolio","item":"https:\/\/www.plaintec.com\/pt-pt\/portfolio\/"},{"@type":"ListItem","position":2,"name":"A Tenda do Colmado"}]},{"@type":"WebSite","@id":"https:\/\/www.plaintec.com\/pt-pt\/#website","url":"https:\/\/www.plaintec.com\/pt-pt\/","name":"Plaintec","description":"Construimos tu proyecto","potentialAction":[{"@type":"SearchAction","target":{"@type":"EntryPoint","urlTemplate":"https:\/\/www.plaintec.com\/pt-pt\/?s={search_term_string}"},"query-input":{"@type":"PropertyValueSpecification","valueRequired":true,"valueName":"search_term_string"}}],"inLanguage":"pt-PT"}]}},"_links":{"self":[{"href":"https:\/\/www.plaintec.com\/pt-pt\/wp-json\/wp\/v2\/portfolio\/11269","targetHints":{"allow":["GET"]}}],"collection":[{"href":"https:\/\/www.plaintec.com\/pt-pt\/wp-json\/wp\/v2\/portfolio"}],"about":[{"href":"https:\/\/www.plaintec.com\/pt-pt\/wp-json\/wp\/v2\/types\/portfolio"}],"author":[{"embeddable":true,"href":"https:\/\/www.plaintec.com\/pt-pt\/wp-json\/wp\/v2\/users\/3"}],"replies":[{"embeddable":true,"href":"https:\/\/www.plaintec.com\/pt-pt\/wp-json\/wp\/v2\/comments?post=11269"}],"version-history":[{"count":1,"href":"https:\/\/www.plaintec.com\/pt-pt\/wp-json\/wp\/v2\/portfolio\/11269\/revisions"}],"predecessor-version":[{"id":11270,"href":"https:\/\/www.plaintec.com\/pt-pt\/wp-json\/wp\/v2\/portfolio\/11269\/revisions\/11270"}],"wp:featuredmedia":[{"embeddable":true,"href":"https:\/\/www.plaintec.com\/pt-pt\/wp-json\/wp\/v2\/media\/11264"}],"wp:attachment":[{"href":"https:\/\/www.plaintec.com\/pt-pt\/wp-json\/wp\/v2\/media?parent=11269"}],"wp:term":[{"taxonomy":"tipos_de_obra","embeddable":true,"href":"https:\/\/www.plaintec.com\/pt-pt\/wp-json\/wp\/v2\/tipos_de_obra?post=11269"},{"taxonomy":"portfolio_category","embeddable":true,"href":"https:\/\/www.plaintec.com\/pt-pt\/wp-json\/wp\/v2\/portfolio_category?post=11269"}],"curies":[{"name":"wp","href":"https:\/\/api.w.org\/{rel}","templated":true}]}}

<!-- This site is optimized with the Yoast SEO plugin v26.8 - https://yoast.com/product/yoast-seo-wordpress/ -->
<title>A Tenda do Colmado - Plaintec</title>
<meta name="description" content="A Tenda Do Colmado no Aeroporto de Santiago-Rosalía de Castro, um novo ponto de venda inspirado nas tradicionais mercearias. Localizada estrategicamente na área pública do terminal, esta loja oferece uma seleção de produtos gourmet locais e um bar de degustação. Aberta diariamente das 5:00 às 22:00, combina tradição, qualidade e excelência para os viajante." />
<meta name="robots" content="index, follow, max-snippet:-1, max-image-preview:large, max-video-preview:-1" />
<link rel="canonical" href="https://www.plaintec.com/pt-pt/portfolio/a-tenda-do-colmado/" />
<meta property="og:locale" content="pt_PT" />
<meta property="og:type" content="article" />
<meta property="og:title" content="A Tenda do Colmado - Plaintec" />
<meta property="og:description" content="A Tenda Do Colmado no Aeroporto de Santiago-Rosalía de Castro, um novo ponto de venda inspirado nas tradicionais mercearias. Localizada estrategicamente na área pública do terminal, esta loja oferece uma seleção de produtos gourmet locais e um bar de degustação. Aberta diariamente das 5:00 às 22:00, combina tradição, qualidade e excelência para os viajante." />
<meta property="og:url" content="https://www.plaintec.com/pt-pt/portfolio/a-tenda-do-colmado/" />
<meta property="og:site_name" content="Plaintec" />
<meta property="og:image" content="https://www.plaintec.com/wp-content/uploads/2025/02/TendaColmado_Plaintec19-scaled.jpg" />
	<meta property="og:image:width" content="2560" />
	<meta property="og:image:height" content="1707" />
	<meta property="og:image:type" content="image/jpeg" />
<meta name="twitter:card" content="summary_large_image" />
<script type="application/ld+json" class="yoast-schema-graph">{"@context":"https://schema.org","@graph":[{"@type":"WebPage","@id":"https://www.plaintec.com/pt-pt/portfolio/a-tenda-do-colmado/","url":"https://www.plaintec.com/pt-pt/portfolio/a-tenda-do-colmado/","name":"A Tenda do Colmado - Plaintec","isPartOf":{"@id":"https://www.plaintec.com/pt-pt/#website"},"primaryImageOfPage":{"@id":"https://www.plaintec.com/pt-pt/portfolio/a-tenda-do-colmado/#primaryimage"},"image":{"@id":"https://www.plaintec.com/pt-pt/portfolio/a-tenda-do-colmado/#primaryimage"},"thumbnailUrl":"https://www.plaintec.com/wp-content/uploads/2025/02/TendaColmado_Plaintec19-scaled.jpg","datePublished":"2025-02-07T07:10:00+00:00","description":"A Tenda Do Colmado no Aeroporto de Santiago-Rosalía de Castro, um novo ponto de venda inspirado nas tradicionais mercearias. Localizada estrategicamente na área pública do terminal, esta loja oferece uma seleção de produtos gourmet locais e um bar de degustação. Aberta diariamente das 5:00 às 22:00, combina tradição, qualidade e excelência para os viajante.","breadcrumb":{"@id":"https://www.plaintec.com/pt-pt/portfolio/a-tenda-do-colmado/#breadcrumb"},"inLanguage":"pt-PT","potentialAction":[{"@type":"ReadAction","target":["https://www.plaintec.com/pt-pt/portfolio/a-tenda-do-colmado/"]}]},{"@type":"ImageObject","inLanguage":"pt-PT","@id":"https://www.plaintec.com/pt-pt/portfolio/a-tenda-do-colmado/#primaryimage","url":"https://www.plaintec.com/wp-content/uploads/2025/02/TendaColmado_Plaintec19-scaled.jpg","contentUrl":"https://www.plaintec.com/wp-content/uploads/2025/02/TendaColmado_Plaintec19-scaled.jpg","width":2560,"height":1707},{"@type":"BreadcrumbList","@id":"https://www.plaintec.com/pt-pt/portfolio/a-tenda-do-colmado/#breadcrumb","itemListElement":[{"@type":"ListItem","position":1,"name":"Portfolio","item":"https://www.plaintec.com/pt-pt/portfolio/"},{"@type":"ListItem","position":2,"name":"A Tenda do Colmado"}]},{"@type":"WebSite","@id":"https://www.plaintec.com/pt-pt/#website","url":"https://www.plaintec.com/pt-pt/","name":"Plaintec","description":"Construimos tu proyecto","potentialAction":[{"@type":"SearchAction","target":{"@type":"EntryPoint","urlTemplate":"https://www.plaintec.com/pt-pt/?s={search_term_string}"},"query-input":{"@type":"PropertyValueSpecification","valueRequired":true,"valueName":"search_term_string"}}],"inLanguage":"pt-PT"}]}</script>
<!-- / Yoast SEO plugin. -->

A Tenda Do Colmado no Aeroporto de Santiago-Rosalía de Castro, um novo ponto de venda inspirado nas tradicionais mercearias. Localizada estrategicamente na área pública do terminal, esta loja oferece uma seleção de produtos gourmet locais e um bar de degustação. Aberta diariamente das 5:00 às 22:00, combina tradição, qualidade e excelência para os viajante.
